, -4*q = 2*v - 104. What is the tens digit of v?
4
Let p = 21 - 13. Suppose -5*q + p = -17. Suppose g - q*g + 36 = 0. What is the units digit of g?
9
Let t = -1351 + 3161. What is the units digit of t?
0
Let h(w) = w**2 + 8*w - 24. Let t = 84 + -102. What is the units digit of h(t)?
6
Let q(i) = 9*i - 37. Let a = -25 + 43. What is the hundreds digit of q(a)?
1
Let b = -166 + 930. What is the hundreds digit of b?
7
Suppose 2*y - 830 = -4*v, -2*v + y + 417 = -0*y. What is the hundreds digit of v?
2
What is the tens digit of 2/(-6)*(-637 - -1)?
1
Suppose 3*f = -599 + 3527. What is the hundreds digit of f?
9
What is the tens digit of -1 - (-14 + -1 + -2)*11?
8
Let t be (-28)/(-154) + 251/11. Let c = 212 - t. Suppose 6*q - 3*q - c = 0. What is the units digit of q?
3
Let o(x) = x**2 + 3*x**2 + 5 - 5*x**2 - 22*x. Suppose -180 = 29*w - 19*w. What is the tens digit of o(w)?
7
Suppose -6*r = -r - 35. Suppose -3*i + 11 = -r. What is the units digit of (14/i)/(2/6)?
7
Suppose 0 = -5*w + 3740 + 5390. What is the units digit of w?
6
Let t = -127 - -453. What is the units digit of (((-18)/(-12))/3)/(1/t)?
3
Suppose 2*y + 560 = 5*u - 190, 0 = 4*u - y - 597. What is the tens digit of u?
4
Suppose -5*y = -2*u + 644, 5*u - 2*y = -5*y + 1610. Let d = u - 111. What is the tens digit of d?
1
Let w(a) = -a**3 - 2*a**2 + 2*a + 1. Let u be w(-3). Suppose 0*d = -2*r - 4*d + 106, 3*r - u*d = 169. What is the tens digit of r?
5
Let v be (-1)/(-1*(-1)/(-3)) - 1. Let b = 4 - v. What is the units digit of b?
2
Let q(o) = -4*o - 6. Let s = -5 - 0. Let i be q(s). Suppose 16 = 5*a - i. What is the units digit of a?
6
Let l be 364/1 + 7 + -3 + -8. Suppose -4*y + l = 5*y. What is the tens digit of y?
4
What is the hundreds digit of (-90)/(-21)*350/3?
5
Let x = 222 - 145. What is the tens digit of x?
7
Let k(p) = 4*p**2 + 15*p + 8. Suppose 5*z = 4*z - 6. What is the tens digit of k(z)?
6
Suppose 0 = -d + 5 + 4. Let a = -151 + 157. Suppose 5*s - a*s = -d. What is the units digit of s?
9
Let z = 33 - 33. Suppose z = o + o + 4*h - 44, 0 = o + 5*h - 34. What is the units digit of o?
4
Let r be (-4)/2*6/4. Let d = 164 + -279. What is the tens digit of (-6)/(-9) + d/r?
3
Suppose 2*g + 21 = 2*d + 9, 0 = 3*g - 2*d + 14. Let z be 2*((-15)/(-2) + g). Suppose -z - 26 = -o. What is the units digit of o?
7
What is the units digit of -89*(2/(-2) + 0)?
9
Let u(j) be the third derivative of -j**6/120 + j**5/3 - j**4/2 - j**3/6 - 24*j**2. What is the hundreds digit of u(19)?
1
Let c be (3 - 3)*(-1)/1. Suppose 2*t - 12 = 2*g, 10 = t - 5*g - c*g. Suppose -2*l = 3*r - 100, 5*r + t*l - 136 = 34. What is the tens digit of r?
3
Let q(p) = -28*p - 158. What is the units digit of q(-23)?
6
Suppose -3*z = -5*w - 5*z + 22, 5*w - 19 = z. Suppose -u + 0*u = -w. What is the units digit of (u/(-7))/((-2)/7)?
2
Let q(y) = y**2 + 10*y - 10. Let x(b) = -b**2 - 10*b + 10. Let u(h) = 2*q(h) + 3*x(h). Let s be u(-10). Let f = s + -6. What is the units digit of f?
4
Let q = -220 + 3724. What is the tens digit of q?
0
Suppose -4*m + 9*m - a = 2562, 0 = -5*m - 3*a + 2554. What is the hundreds digit of m?
5
Let l(o) = -4*o**3 + o**2 + 36*o + 90. What is the thousands digit of l(-8)?
1
Suppose -43*b + 15 = -38*b. What is the tens digit of (b + 1265/15)/((-4)/(-6))?
3
Let x = -27 + 29. Suppose x = -4*o + 78. What is the tens digit of o?
1
Suppose 7*o = 8*o - x - 100, -3*o - x + 308 = 0. What is the tens digit of o?
0
Let c be (16/14)/(6/21). Let b be (76/20 - c)*-15. Suppose 208 = 7*u - b*u. What is the units digit of u?
2
Let t = -430 + 251. Let j = t - -255. What is the tens digit of j?
7
Let h(n) = -n**3 - 10*n**2 + 26*n + 27. Let l be h(-12). What is the units digit of ((-2400)/l)/(-4) - (-3)/3?
1
Suppose 2*i = b + 576, -3*i + 1015 = -3*b + 148. What is the hundreds digit of i?
2
What is the hundreds digit of (20/8 + -1)*1040/3?
5
Let m(x) = 38*x**2 - 11*x - 6. Let k(h) = -19*h**2 + 6*h + 3. Let a(q) = 5*k(q) + 3*m(q). What is the units digit of a(-4)?
3
Let w(s) = -s. Let i(p) be the second derivative of -2*p**3 - 3*p**2/2 - 7*p. Let z(c) = i(c) + 6*w(c). What is the tens digit of z(-2)?
3
Let l be (-3)/2*(-30)/9. Let p(f) = -13*f + 1. Let u(o) = -13*o + 2. Let z(s) = l*u(s) - 4*p(s). What is the units digit of z(-3)?
5
Let k = 49 - -67. What is the units digit of ((-29)/k)/(2/(-40))?
5
Suppose 4*n + 246 = -82. Let i = -20 - n. What is the tens digit of i?
6
Suppose 3*m - 2163 = -0*m. What is the units digit of m?
1
What is the units digit of (-180)/20*(-299)/3?
7
Let v = 10 + -14. Let p = v + 13. Let x(o) = o + 2. What is the units digit of x(p)?
1
Let n be 76 + -1 - (10 - 7). Suppose -5*a = -4*v - n + 29, 4*a = -5*v - 64. What is the tens digit of (-285)/v - (-1)/4?
2
Suppose 0*g - g + 2 = 2*u, 5*g - 10 = -u. Suppose 7*i = g*i + 45. Suppose -i*q + 21 = -6*q. What is the units digit of q?
7
Let j = -31 + 37. Suppose 2*q + 50 = -3*h + j*h, -4*h + 85 = q. What is the tens digit of h?
2
Let v(h) = 4*h**2 + 8. Let o be v(4). Let b = o + -43. What is the tens digit of b?
2
Let v(p) = 54*p**3 + 4*p - 3. Let h be v(2). Suppose -h - 61 = -6*d. What is the tens digit of d?
8
Let h be 64/8*(-3)/2. Let p(t) = t**3 + 12*t**2 - 7*t - 22. What is the units digit of p(h)?
2
Let u(m) = -m. Let s be u(-16). Let t = -10 + s. What is the units digit of t?
6
Suppose 0 = -3*z + 23 - 5. Suppose 0 = 3*i + a - 6, 3*a - z = -5*i - 0*a. Suppose i*r + 2 = 194. What is the units digit of r?
4
Let i(s) = 396*s**2 - 3*s - 2. What is the units digit of i(-1)?
7
Suppose -i + 5*i = 8. Suppose x - 7 = 2*d, -3*x - i*d + 25 = -4*d. What is the units digit of x?
9
Let d(q) = q**3 - 16*q**2 - 17*q + 2. Let m be d(17). Let f be m/7 - (-200)/35. Suppose 0*c = f*c - 288. What is the tens digit of c?
4
Suppose 5*v + 8 = v + 2*r, 5*v = r - 10. What is the tens digit of (184/24)/(v/(-30))?
1
Suppose -3*j = -2*b - 7, 2*j = -2*b - 2*b + 26. Let r be 28/(-6)*3*(-18)/63. Suppose -v = -g - b*g - 35, -r*g = 0. What is the tens digit of v?
3
Let g be -1*(2 - 1)*-4. Let j be -2*(1 + (-14)/g). Suppose 0 = r + 2, -130 = -j*f + 4*r - 9*r. What is the tens digit of f?
2
Let z(k) = 54*k**2 + 47*k + 108. What is the hundreds digit of z(-8)?
1
Suppose -9*n = -6*n - 573. What is the tens digit of n?
9
Suppose 8*d = 2671 + 9. What is the units digit of d?
5
Let s(g) = 3*g**2 + 21*g + 11. Let k(n) = 2*n**2 + 10*n + 6. Let w(m) = 5*k(m) - 3*s(m). Let y be w(8). What is the tens digit of 44/11*y/(-4)?
4
Let j(f) = 8*f**3 + 3*f**2 - 4*f - 3. Let q be j(4). Let s = 304 - q. What is the units digit of (-2)/7 + s/(-21)?
1
Suppose 2*r + 5 = -3*r. Suppose 0*n + 6 = 4*n - 5*w, -11 = 5*n + 3*w. What is the tens digit of (-21 + (r - 1))*n?
2
Suppose 5*o - 8505 = -4*s, -11*s + 8*s = -15. What is the units digit of o?
7
Suppose 0 = -2*p + 6*p + 2*x + 30, -p = -x + 12. Let z be 3*2*(-3)/p. Suppose -4 - 32 = -z*w. What is the tens digit of w?
1
What is the tens digit of 1270/4 - 11/(-22)?
1
Let m = -53 - -38. Let b(w) = -w**3 - 14*w**2 + 16*w + 19. Let v be b(m). Suppose -v*r = -0*r - 112. What is the tens digit of r?
2
Suppose 7*i - 3*i - 36 = 0. Let b(j) = j**3 - 7*j**2 - 16*j + 25. What is the units digit of b(i)?
3
Suppose 53*b - 37*b - 28208 = 0. What is the thousands digit of b?
1
What is the units digit of (2/(-2))/(50/(-33500))?
0
Let q(g) = 9*g**3 - 5*g**2 + 8*g + 28. What is the units digit of q(8)?
0
Suppose 3*i = -16*h + 18*h + 19039, -5*i = 2*h - 31721. What is the hundreds digit of i?
3
Let m be (-376 - -6 - 6/2) + 3. Let i = -264 - m. What is the units digit of i?
6
Let r(s) = 144*s - 589. What is the tens digit of r(34)?
0
Suppose -19426 = -23*p + 883. What is the units digit of p?
3
Suppose -20 + 14 = -3*y. Suppose 3*t - 4 - 25 = 5*u, -4*u = y*t - 12. Suppose t + 6 = d. What is the tens digit of d?
1
Suppose -6*g = -3*g + 4*c - 861, 2*g = 2*c + 588. What is the hundreds digit of g?
2
Let f(x) = -x**2 + 6*x + 11. Let q be f(7). What is the tens digit of (q + 70/6)*9?
4
Let f = 10 + -9. Let k(m) = 8*m**3 + m - 1. Let g be k(f). Suppose -11*i = -g*i - 42. What is the tens digit of i?
1
Let q(o) = 262*o + 16. What is the hundreds digit of q(2)?
5
Let j(g) = 3*g**3 + 7 - 9*g - 4*g**2 + 5*g**2 + g**3. What is the tens digit of j(3)?
9
Let r(o) = 2*o - 25. Let g be r(14). Sup